s divided by l(-29).
21
Let z(c) = -362*c - 2863. Calculate the remainder when 159 is divided by z(-8).
27
Suppose -3*z + 879 = 2*k + 296, -4*k - 5*z = -1161. Suppose 22*c + k = 24*c. Let j = -400 - -429. Calculate the remainder when c is divided by j.
26
Suppose 0 = -3*n - 3, 2*n = 32*l - 31*l - 611. Let p = -2 + 36. What is the remainder when l is divided by p?
31
Suppose 5418 = 135*j - 12172 + 3955. What is the remainder when 790 is divided by j?
83
Let t be (-798)/(-9) - 2 - (-2)/6. Suppose 33 + t = 4*a. What is the remainder when 140 is divided by a?
20
Let f = 23666 - 23538. Calculate the remainder when f is divided by 63/(-7)*(-2)/1.
2
Let a(g) = 121 - 4*g - 173 - g**2 + 2*g**2. Let b(o) = -o**2 + 13*o - 6. Calculate the remainder when a(-13) is divided by b(8).
33
Let b be (-69)/(-8) + (-18)/(-48). Suppose -y + b = -12. What is the remainder when (-4)/14 - 576/(-7) is divided by y?
19
Let o(t) be the third derivative of 1/40*t**6 + 0 + 4*t**2 + 1/8*t**4 - 1/30*t**5 + 0*t - 2/3*t**3. What is the remainder when o(2) is divided by 5?
3
Let n(u) = -u**3 - 3*u**2 - 5*u - 24. Suppose -3*f + 5*z = -459, -201 + 48 = -f - 2*z. Calculate the remainder when f is divided by n(-4).
9
Suppose 4*a - 12 = -0*a. Suppose a*g - 360 = -2*g. What is the remainder when g is divided by 36/(-126) + 1*261/7?
35
Let n be 42/8 - -5*2/(-40). Suppose 2*r + n*o = -129, -4*r - 4*o - 218 = -2*o. Let v = r - -61. Calculate the remainder when 62 is divided by v.
8
Let y = 267 + -272. Calculate the remainder when (-2)/1*23/(-2) is divided by 10/((-25)/y) + 4.
5
Let a = -6 - -8. Suppose 0 = -0*h - a*h - 4*g + 66, 2*h = -5*g + 64. Let r = -76 + 148. What is the remainder when r is divided by h?
35
Suppose 5*n + 60 + 45 = 0. Let v = 88 - 27. Let u = v + n. What is the remainder when 78 is divided by u?
38
Let u(i) = 17*i**2 - 5*i - 3. Let x be u(-3). Let z = x + -99. What is the remainder when z is divided by 3/(12 + (-12012)/1012)?
20
Let f(z) = 121*z + 889. What is the remainder when 416 is divided by f(-7)?
38
Suppose 63552 = 894*v - 2227 + 664 - 76137. Let g = 0 + 32. Calculate the remainder when v is divided by g.
30
Let q = 249 - 227. Calculate the remainder when (-826)/(-10) - (-4)/10 is divided by q.
17
Let u(y) = 6*y + 44. Let z be 2/(-5)*(5 + 200/(-16)). Calculate the remainder when 125 is divided by u(z).
1
Suppose 184*w + 144 = 190*w. What is the remainder when 57 is divided by w?
9
Suppose -4*d + 40 = 5*s, 3*d = 34*s - 33*s - 27. Let q = 24 - -32. What is the remainder when q is divided by (3*s/(-54))/((-4)/180)?
26
Let x = -10817 + 11077. Calculate the remainder when 830 is divided by x.
50
Let j(t) = -989*t - 493. Calculate the remainder when 4462 is divided by j(-2).
7
Let x be 13 + ((-126)/(-35) - 2/(-5)). Suppose -x*v + 10*v + 112 = 0. What is the remainder when 30 is divided by v?
14
Suppose 5*v = b - 1446, b - 3*v + 1406 = 2*b. Suppose 240*c = 233*c + b. What is the remainder when c is divided by 41?
39
Suppose 260*y - 266*y = -162. Suppose 2*q - y = 3. What is the remainder when 59 is divided by q?
14
Let a(f) be the first derivative of f**4/4 - 4*f**3 + 15*f**2 - 65*f - 90. What is the remainder when a(10) is divided by 28?
7
Let i(u) = -u**2 - 8*u - 6. Let o be i(-2). Let j(x) = 2*x**2 - x + 23. Calculate the remainder when j(o) is divided by 16.
9
Suppose 32*k + 0*k - 710 = 1434. What is the remainder when k is divided by 55?
12
Let f = -208 + 136. What is the remainder when (10/3)/((26/f)/(-13)) is divided by 62?
58
Let v = 104 - 160. Calculate the remainder when v/12*720/(-28) is divided by 41.
38
Let f(h) = 22*h**3 - 4*h**2 + 3*h - 6. What is the remainder when 193 is divided by f(2)?
33
Let o be 2 + -2 + -17*(4 + -7). Let i = -4 + o. Let r = i + -37. Calculate the remainder when r is divided by 7.
3
Let p be (5/10)/((28/920)/(-7)). Let o = 160 + p. What is the remainder when o is divided by 8?
5
Let i = -25 - -15. Let b(f) = f**3 + 5*f**2 - 5*f + 2. Let t be b(-6). What is the remainder when 17 is divided by 1*t - (-1 + i)?
3
Suppose 940*b - 683*b = 4883. Let s(d) = d**2 + 6*d + 8. What is the remainder when s(-9) is divided by b?
16
Let r(v) = v**3 + 5*v**2 + 6*v + 3. Let i be r(-2). Suppose -5*k = -2*b + 26, -4*k - i = 3*b + 4. Calculate the remainder when 15 is divided by b.
0
Let b = 6513 - 6467. What is the remainder when 733 is divided by b?
43
Let c(o) = 43*o - 175. Calculate the remainder when c(8) is divided by 22.
15
Suppose 696*y - 734*y = -646. What is the remainder when 39 is divided by y?
5
Suppose 284 = 2*o + 2*i - 248, 3*o - 798 = 2*i. Suppose -o = -24*j + 502. What is the remainder when 189 is divided by j?
29
Let u(c) = -50*c + 9. Let y be u(-14). Suppose -4*x = 5*o - y, -2*x + o + 36 = -329. What is the remainder when x is divided by 26?
25
Let v(m) = -m**2 - 33*m - 26. Let a be v(-32). Suppose -7*y + 494 = a*y. Calculate the remainder when 72 is divided by y.
34
Suppose 5*k + 0*k = 225. Suppose 5*b - 4970 = -10*u, -5*b = -u + 474 - 32. Calculate the remainder when u is divided by k.
42
Let o(m) = -m**2 + 4*m - 7. Let k be ((-9)/2)/(27/(-36)). Let d be o(k). Let f = d + 29. What is the remainder when f is divided by 3?
1
Suppose 30*c - 137 - 2143 = 0. Let g be ((-10)/8)/(-5)*4. Let k(w) = 25*w + 1. Calculate the remainder when c is divided by k(g).
24
What is the remainder when 2/(-1)*((-14)/70 - (-1343)/(-10)) is divided by 57?
41
Suppose 48 - 173 = -5*b. Suppose 0 = -b*s + 26*s - 113. What is the remainder when s is divided by 57?
56
Suppose -4*p + 500 = 4*n, 128 = 53*n - 52*n + 4*p. What is the remainder when n is divided by 121?
3
Let n(u) = 7*u**2 + 188*u + 57. Calculate the remainder when n(-28) is divided by 24.
17
What is the remainder when 30/24 - (-2235)/20 is divided by 43?
27
Suppose -4*x = -4, 2*j - 4*x - 21 = -x. Suppose -3 = -y - 11. Let i = j + y. What is the remainder when i is divided by 3?
1
Let d be 18/((3/2)/1). Let j = d + -8. What is the remainder when 17 + -4 - 7/56*0 is divided by j?
1
Suppose 144*x = 143*x - 627. Let y = 668 + x. What is the remainder when 56 is divided by y?
15
Let a = -10183 - -14658. What is the remainder when a is divided by 28?
23
Let t be ((-925)/20)/(3/24). What is the remainder when 262 is divided by (-16)/28 - -1 - t/35?
9
Let h(g) = g**2 + 5*g - 44. Let l be h(-10). Suppose l + 42 = 3*w. Let p = 79 + -32. What is the remainder when p is divided by w?
15
Suppose -19*q - 7520 = -24*q - 5*y, 4*q - 5986 = 2*y. Calculate the remainder when q is divided by 18.
5
Let z(d) = -7*d - 1. Let x(q) = 45*q**2 - 25*q**2 - 25*q**2 - 7*q + 10 - 22 - 2*q**3. Calculate the remainder when z(-7) is divided by x(-3).
12
Suppose -23*k + 54*k = 1358 + 1308. Calculate the remainder when 7136 is divided by k.
84
Let p(k) = -8*k + 25 + 2*k**3 + 10*k - 9*k + 17*k**2. Calculate the remainder when p(-8) is divided by 49.
47
Let r = -4260 - -5544. What is the remainder when r is divided by 46?
42
What is the remainder when 1558 is divided by (2 - (-1029)/(-15))*1235/(-741)?
4
Suppose 4*l = -3*f + 22, -5*f + 11 = l - 20. Suppose -5*t = f*t - 165. Suppose -t = 8*y - 9*y. What is the remainder when 55 is divided by y?
10
Suppose -5*f = 5*i + 20, -5*f - 2*i = -5*i + 20. Suppose -3*c - 12 = -0*v - 3*v, 5*c - 20 = -3*v. Calculate the remainder when ((-6)/v)/(f/20) is divided by 5.
1
Suppose -4*s + 127 = -293. Let b(p) = p**3 - 14*p**2 - 15*p + 57. Let t be b(15). Suppose 3*h - t = s. What is the remainder when 158 is divided by h?
50
What is the remainder when 122 is divided by (10/9)/(26/39)*252/30?
10
Let b = 204 + -172. Suppose 3*s = 5*r + 72, 5*r - 10*r + 4 = s. What is the remainder when b is divided by s?
13
Let y(v) be the third derivative of v**6/120 - 31*v**5/60 + 31*v**4/24 - 4*v**3 + 186*v**2. What is the remainder when 88 is divided by y(30)?
4
Calculate the remainder when (-3)/10 - ((-2466)/20 + -1) is divided by 113.
11
Calculate the remainder when (2/3*-1)/(1713964/48972 - 35) is divided by 146.
145
Let t = -26 - -53. Calculate the remainder when 159 is divided by (-36)/(-54)*t/2.
6
Let v be (13 - 14)/(2/(8/1)). Let r(u) = 6*u + 62. What is the remainder when 303 is divided by r(v)?
37
Let j = -4721 - -5157. Calculate the remainder when j is divided by 22.
18
Suppose -9*k + 2 = -8*k + r, 5*r